- 12 = 0. What are the prime factors of k?
2
Let j(m) = -7*m**3 - 2*m**2 + 1. Let k be j(1). Let o(t) = t**3 + 10*t**2 + 12*t + 1. What are the prime factors of o(k)?
3, 11
Let l(g) = 9*g**2 - 9*g - 6. What are the prime factors of l(-4)?
2, 3, 29
Let r = -117 + 81. Let a = 51 + r. List the prime factors of a.
3, 5
Suppose -5 = -6*n + 5*n. Suppose 0*t = 4*r - t - 16, 20 = 5*r + n*t. What are the prime factors of r?
2
Suppose -j - 10 = 5*r, 0*r + 3*j = -2*r - 4. Let z be -10*(0 - 2/5). Let b = z + r. What are the prime factors of b?
2
Let r(p) = -10*p + 16. List the prime factors of r(-12).
2, 17
Let r(m) = m**3 + 3*m**2 - 2*m. Let z(y) = -2*y**2 - y. Let n be z(1). Let i be r(n). What are the prime factors of (4/i)/((-4)/(-24))?
2
Suppose 3*t - 175 = -4*i, 3*i - 5*t - 147 = -2*t. What are the prime factors of i?
2, 23
What are the prime factors of 130/8 + 4/(-16)?
2
Let k = -31 - -159. What are the prime factors of k?
2
Suppose 0 = 3*f - 9, 0 = -3*p - f + 2*f + 6. Suppose -2*a + 1 = 2*l + p, -2*a + 4 = -l. What are the prime factors of (8*a)/(2 - 1)?
2
Suppose -2*t + 3 - 17 = 0. Suppose -5*o + 56 + 48 = p, -o + 5*p = -26. Let y = t + o. List the prime factors of y.
2, 7
Suppose 5*z = 6*z - 12. Suppose -4*r + z = k, -2*k - r - r = -24. What are the prime factors of k?
2, 3
Suppose 4*n - 18 = 5*b, 3*b - 5 = n - 13. List the prime factors of n*-3*(-3)/9.
2
Let b be 2/(-4)*4/(-2). Suppose 2 = u - b. Suppose 2*k - 60 = -u*k. What are the prime factors of k?
2, 3
Let i(z) = -z**3 + z**2 + 0*z**3 + 0*z - 5*z**2 - 1 - z. List the prime factors of i(-5).
29
Let h = 61 + 30. List the prime factors of h.
7, 13
Suppose s + 11 = 2*w - 0*s, -s - 26 = -5*w. Suppose 0 = -t - 2*t + 27. Let z = t - w. List the prime factors of z.
2
Let j(q) = q + 5. Let i be j(0). Suppose -2*t = 3*t - i. Suppose -5*v + t = -49. What are the prime factors of v?
2, 5
Let w(q) = -14*q - 1. What are the prime factors of w(-1)?
13
Let u(m) = m. Let w be u(-5). Let h = 8 + w. Let z = h + 1. What are the prime factors of z?
2
Let c = -2 + -4. Let x = c - -7. List the prime factors of (x - 38/8)*-4.
3, 5
Let m = 10 - 13. Let h(p) = p**3 + 4*p**2 + 3. What are the prime factors of h(m)?
2, 3
List the prime factors of 81 + (2 - -4)/(-2).
2, 3, 13
Let o = 1 - 3. Let z(t) = -2*t**3 - 2*t**2 + 3*t + 2. Let d be z(o). Suppose -4*i = -5*c + 10 + 9, -3*c + d*i = -5. What are the prime factors of c?
7
Let o(c) = 3*c**3 - c**2. Let s be o(1). Let q(h) be the second derivative of 7*h**3/6 + h**2 + 10*h. List the prime factors of q(s).
2
Suppose p + q - 50 = 0, 3*q - 145 = -3*p + q. Let n be (-10)/p + (-2)/(-9). What are the prime factors of (n - -1) + 16/4?
5
Suppose 0*s - s = -59. Let t = 95 - s. Suppose -3*p + 19 + 0 = -v, 4*p - t = 4*v. List the prime factors of p.
5
Suppose 4*o - 2*q = 3*q + 64, 8 = 2*q. Suppose -24 = -3*n + 6. Let l = o - n. What are the prime factors of l?
11
Let y = 6 - 4. Suppose -y*m = -4*m + 8. Let j(s) = s + 1. List the prime factors of j(m).
5
List the prime factors of ((-48)/(-32))/(3/412).
2, 103
Suppose -36 + 20 = -q. List the prime factors of q.
2
Let d(c) = 2*c**2 - 2*c - 33. List the prime factors of d(10).
3, 7
Let w(x) be the first derivative of 37*x**3/3 + x**2 + x + 7. List the prime factors of w(-1).
2, 3
Let f(w) = -7*w**3 - w**2 - w - 1. Let b be f(-1). Let c(s) be the third derivative of s**4/12 - s**3 - 2*s**2. List the prime factors of c(b).
2, 3
Suppose -2*a + 35 + 150 = n, 0 = 3*n - a - 555. List the prime factors of n.
5, 37
Suppose 0 = -42*r + 37*r + 580. List the prime factors of r.
2, 29
Suppose k = 8 + 1. What are the prime factors of k?
3
Let t = 4 + 0. Suppose 2*r = -m, -5*r - 3*m = -2*m. Suppose -t*c = -2*k - 28, c - 2*k - 1 = -r*k. List the prime factors of c.
3
Suppose 5*q - 30 = 4*m, -4*m - 22 = -3*q + 2*q. Let c = 2 - m. What are the prime factors of c?
7
Let f(q) = q**3 - 4*q**2 - 2*q - 4. What are the prime factors of f(6)?
2, 7
Let u(b) = -b**3 + 13*b**2 - 7*b - 30. What are the prime factors of u(11)?
3, 5
Suppose -6*r - 46 + 478 = 0. What are the prime factors of r?
2, 3
Let p(u) = u**3 + 7*u**2 - u. Suppose -2*f = -5*v + 22, 20 = 4*v + 2*f - 3*f. Suppose 11 = 2*z + 5*c, -2*c = 3*z + v + 5. List the prime factors of p(z).
7
Let a(g) = -g**2 + g + 3. Let k be a(-6). Let q = -3 - -2. What are the prime factors of q/((3/k)/1)?
13
Let v = 53 - 18. List the prime factors of v.
5, 7
Let x = 10 - 12. What are the prime factors of ((-20)/12)/(x/24)?
2, 5
List the prime factors of (-45)/18 + 3 + 235/2.
2, 59
Let x(b) = b**2 + 8*b + 8. Let u = 11 - 19. What are the prime factors of x(u)?
2
Let l be 2/4*48/6. Suppose 34 = 2*q - 4*u, -l*q - 3*u + 69 = -54. What are the prime factors of q?
3
Let i = -35 + 67. Suppose -j + i = 3*j. List the prime factors of j.
2
Let d(o) be the first derivative of o**4/2 + o**3/3 - 3*o**2 + 6*o - 9. List the prime factors of d(3).
3, 17
Suppose -5*x - 15 + 15 = 0. Let c(f) = f + 5 + 8 - 5. What are the prime factors of c(x)?
2
Let x(r) = -r**3 - 6*r**2 - 5*r + 6. Suppose -4*d - 5*u + 1 = -4, u + 5 = -2*d. What are the prime factors of x(d)?
2, 3
Suppose -21 = -3*u - 4*k, 3 - 15 = -4*k. List the prime factors of 1*(-18)/(-3) - u.
3
Let c = -6 - -36. Suppose -4*r + c + 2 = 0. List the prime factors of r.
2
Let l = 110 + -74. Let o be (-8)/l + (-328)/(-18). Suppose -4*t + 5*p = -17, 5*p - 13 - o = -2*t. What are the prime factors of t?
2
Let j(r) be the third derivative of r**5/60 - r**4/24 - r**3/3 - 3*r**2. Let o be j(2). Suppose -a + 3 + 0 = o. List the prime factors of a.
3
Let k(z) = -4*z - 1. Let c be k(-1). Suppose 4*l = -3*n - 13 + 77, -4*n + 48 = c*l. What are the prime factors of l?
2
Suppose 6*n - 5*n - 5*b - 22 = 0, -4*b = 0. List the prime factors of n.
2, 11
Let a(k) = 3*k**2 + k. Let r be a(-1). Let l be 2 + ((-1)/(-1) - 2). Let w = r + l. What are the prime factors of w?
3
Let v = -57 + 160. What are the prime factors of v?
103
Let d(l) = -l**2 - 15*l - 11. Let c = -1 + -12. What are the prime factors of d(c)?
3, 5
Let t(i) = i**2 + 2*i - 1. Let o(c) = 3*c**2 + 3*c - 2. Let a(j) = -2*o(j) + 5*t(j). Let m = 38 + -35. What are the prime factors of a(m)?
2
Suppose 10 = -3*s + 28. List the prime factors of 9/1 - s/(-2).
2, 3
Suppose 0 = 4*r - r - 18. Suppose r*w - 3*w = 3. List the prime factors of 5/(((-3)/(-6))/w).
2, 5
Let d be ((-42)/(-9))/((-2)/6). Let w(s) = s**3 + 15*s**2 + 14*s + 11. List the prime factors of w(d).
11
Let k(i) = i**2 + 2 + 1 - 6*i - 2*i**2. List the prime factors of k(-6).
3
Suppose -2*r + 3*c - 12 = 5*c, r + 8 = -3*c. Let v = -1 - r. List the prime factors of v.
2
Let u(k) = -k**3 - k**2 - k + 33. Let n be u(0). Let z = -19 + n. Suppose -11 = -v - 2*l + 3, -3*v + z = -l. List the prime factors of v.
2, 3
Let d be 8/36 - 16/(-9). Let l = d - 2. Suppose 2*g - 16 = 5*i - 69, 2*g + 8 = l. List the prime factors of i.
3
Suppose -3*t = k - 221, t + 2*k - 71 - 11 = 0. Suppose 6*r - 3*r - t = 0. Suppose 3*i - r = -3*c, -i + 4 - 2 = 0. List the prime factors of c.
2, 3
Let w be 0 - 2*(-8 + 2). Let f be 3/w - (-89)/(-4). Let l = -11 - f. List the prime factors of l.
11
Let i(d) = d**2 + 8*d - 7. Let o be i(-8). Let n = o - -12. Suppose -5*g - 30 = -n*w, 4*w - 4*g - g = 27. What are the prime factors of w?
3
List the prime factors of 2/(188/(-64) + 3).
2
Let c = -3 - -6. Suppose 2*w - c*w = -3. Suppose 0 = -w*r - o + 23, r - 2*r - 3*o = -5. List the prime factors of r.
2
Suppose -2*q = -6*q + 32. List the prime factors of (-1)/(-4) + 230/q.
29
Suppose x = -x + 8. Suppose -w - 4*z = -z + 27, -4*z + 28 = -x*w. What are the prime factors of (w/10)/((-12)/40)?
2
Let w = 201 - 141. What are the prime factors of w?
2, 3, 5
Let d be -2 - (1 - 17)/1. Let p = -4 + d. Let m = 3 + p. List the prime factors of m.
13
Suppose 4*c = -h + 25, -2*c - 4*h + 15 = -3*c. Suppose b = 2, c*x - b - 336 = b. Suppose 52 = 5*k + 2*q, 4*k - x = -k + 2*q. List the prime factors of k.
2, 3
Let a(i) = i**2 + 2*i + 5. Let o be a(0). Suppose 7*q - 2*q - 160 = 0. Suppose -3*t = -o*t + q. List the prime factors of t.
2
Let u = 225 - 373. Let d be u/(-16) - 2/8. Suppose -d = -2*s + 9. What are the prime factors of s?
3
Let n = 64 - 53. What are the prime factors of n?
11
Let f = 140 - 78. Suppose q + 1 = j + 5*q, 5*j + q